{"id":22550,"date":"2025-03-15T05:58:31","date_gmt":"2025-03-15T05:58:31","guid":{"rendered":"https:\/\/coalitionfemmesab.ca\/temp-coalition\/?post_type=team&#038;p=22550"},"modified":"2026-04-24T11:53:06","modified_gmt":"2026-04-24T17:53:06","slug":"wafaa-adnane","status":"publish","type":"team","link":"https:\/\/coalitionfemmesab.ca\/en\/team\/wafaa-adnane\/","title":{"rendered":"Wafaa Adnane"},"content":{"rendered":"","protected":false},"featured_media":25869,"template":"","class_list":["post-22550","team","type-team","status-publish","has-post-thumbnail","hentry","team_category-equipe","entry"],"acf":[],"yoast_head":"<!-- This site is optimized with the Yoast SEO plugin v27.4 - https:\/\/yoast.com\/product\/yoast-seo-wordpress\/ -->\n<title>Wafaa Adnane - Coalition des femmes de l&#039;Alberta<\/title>\n<meta name=\"description\" content=\"Wafaa Adnane, Gestionnaire de programme\" \/>\n<meta name=\"robots\" content=\"index, follow, max-snippet:-1, max-image-preview:large, max-video-preview:-1\" \/>\n<link rel=\"canonical\" href=\"https:\/\/coalitionfemmesab.ca\/en\/team\/wafaa-adnane\/\" \/>\n<meta property=\"og:locale\" content=\"en_US\" \/>\n<meta property=\"og:type\" content=\"article\" \/>\n<meta property=\"og:title\" content=\"Wafaa Adnane - Coalition des femmes de l&#039;Alberta\" \/>\n<meta property=\"og:description\" content=\"Wafaa Adnane, Gestionnaire de programme\" \/>\n<meta property=\"og:url\" content=\"https:\/\/coalitionfemmesab.ca\/en\/team\/wafaa-adnane\/\" \/>\n<meta property=\"og:site_name\" content=\"Coalition des femmes de l&#039;Alberta\" \/>\n<meta property=\"article:modified_time\" content=\"2026-04-24T17:53:06+00:00\" \/>\n<meta property=\"og:image\" content=\"https:\/\/coalitionfemmesab.ca\/wp-content\/uploads\/2025\/03\/Wafa.jpg\" \/>\n\t<meta property=\"og:image:width\" content=\"300\" \/>\n\t<meta property=\"og:image:height\" content=\"300\" \/>\n\t<meta property=\"og:image:type\" content=\"image\/jpeg\" \/>\n<meta name=\"twitter:card\" content=\"summary_large_image\" \/>\n<meta name=\"twitter:label1\" content=\"Est. reading time\" \/>\n\t<meta name=\"twitter:data1\" content=\"1 minute\" \/>\n<script type=\"application\/ld+json\" class=\"yoast-schema-graph\">{\"@context\":\"https:\\\/\\\/schema.org\",\"@graph\":[{\"@type\":\"WebPage\",\"@id\":\"https:\\\/\\\/coalitionfemmesab.ca\\\/team\\\/wafaa-adnane\\\/\",\"url\":\"https:\\\/\\\/coalitionfemmesab.ca\\\/team\\\/wafaa-adnane\\\/\",\"name\":\"Wafaa Adnane - Coalition des femmes de l&#039;Alberta\",\"isPartOf\":{\"@id\":\"https:\\\/\\\/coalitionfemmesab.ca\\\/#website\"},\"primaryImageOfPage\":{\"@id\":\"https:\\\/\\\/coalitionfemmesab.ca\\\/team\\\/wafaa-adnane\\\/#primaryimage\"},\"image\":{\"@id\":\"https:\\\/\\\/coalitionfemmesab.ca\\\/team\\\/wafaa-adnane\\\/#primaryimage\"},\"thumbnailUrl\":\"https:\\\/\\\/coalitionfemmesab.ca\\\/wp-content\\\/uploads\\\/2025\\\/03\\\/Wafa.jpg\",\"datePublished\":\"2025-03-15T05:58:31+00:00\",\"dateModified\":\"2026-04-24T17:53:06+00:00\",\"description\":\"Wafaa Adnane, Gestionnaire de programme\",\"breadcrumb\":{\"@id\":\"https:\\\/\\\/coalitionfemmesab.ca\\\/team\\\/wafaa-adnane\\\/#breadcrumb\"},\"inLanguage\":\"en-US\",\"potentialAction\":[{\"@type\":\"ReadAction\",\"target\":[\"https:\\\/\\\/coalitionfemmesab.ca\\\/team\\\/wafaa-adnane\\\/\"]}]},{\"@type\":\"ImageObject\",\"inLanguage\":\"en-US\",\"@id\":\"https:\\\/\\\/coalitionfemmesab.ca\\\/team\\\/wafaa-adnane\\\/#primaryimage\",\"url\":\"https:\\\/\\\/coalitionfemmesab.ca\\\/wp-content\\\/uploads\\\/2025\\\/03\\\/Wafa.jpg\",\"contentUrl\":\"https:\\\/\\\/coalitionfemmesab.ca\\\/wp-content\\\/uploads\\\/2025\\\/03\\\/Wafa.jpg\",\"width\":300,\"height\":300},{\"@type\":\"BreadcrumbList\",\"@id\":\"https:\\\/\\\/coalitionfemmesab.ca\\\/team\\\/wafaa-adnane\\\/#breadcrumb\",\"itemListElement\":[{\"@type\":\"ListItem\",\"position\":1,\"name\":\"Accueil\",\"item\":\"https:\\\/\\\/coalitionfemmesab.ca\\\/\"},{\"@type\":\"ListItem\",\"position\":2,\"name\":\"Wafaa Adnane\"}]},{\"@type\":\"WebSite\",\"@id\":\"https:\\\/\\\/coalitionfemmesab.ca\\\/#website\",\"url\":\"https:\\\/\\\/coalitionfemmesab.ca\\\/\",\"name\":\"Coalition des femmes de l&#039;Alberta\",\"description\":\"La mission de l\u2019organisme est d\u2019appuyer et de repr\u00e9senter les femmes parlant fran\u00e7ais, de faire valoir leurs droits et leurs int\u00e9r\u00eats et de faciliter leur regroupement.\",\"potentialAction\":[{\"@type\":\"SearchAction\",\"target\":{\"@type\":\"EntryPoint\",\"urlTemplate\":\"https:\\\/\\\/coalitionfemmesab.ca\\\/?s={search_term_string}\"},\"query-input\":{\"@type\":\"PropertyValueSpecification\",\"valueRequired\":true,\"valueName\":\"search_term_string\"}}],\"inLanguage\":\"en-US\"}]}<\/script>\n<!-- \/ Yoast SEO plugin. -->","yoast_head_json":{"title":"Wafaa Adnane - Coalition des femmes de l&#039;Alberta","description":"Wafaa Adnane, Gestionnaire de programme","robots":{"index":"index","follow":"follow","max-snippet":"max-snippet:-1","max-image-preview":"max-image-preview:large","max-video-preview":"max-video-preview:-1"},"canonical":"https:\/\/coalitionfemmesab.ca\/en\/team\/wafaa-adnane\/","og_locale":"en_US","og_type":"article","og_title":"Wafaa Adnane - Coalition des femmes de l&#039;Alberta","og_description":"Wafaa Adnane, Gestionnaire de programme","og_url":"https:\/\/coalitionfemmesab.ca\/en\/team\/wafaa-adnane\/","og_site_name":"Coalition des femmes de l&#039;Alberta","article_modified_time":"2026-04-24T17:53:06+00:00","og_image":[{"width":300,"height":300,"url":"https:\/\/coalitionfemmesab.ca\/wp-content\/uploads\/2025\/03\/Wafa.jpg","type":"image\/jpeg"}],"twitter_card":"summary_large_image","twitter_misc":{"Est. reading time":"1 minute"},"schema":{"@context":"https:\/\/schema.org","@graph":[{"@type":"WebPage","@id":"https:\/\/coalitionfemmesab.ca\/team\/wafaa-adnane\/","url":"https:\/\/coalitionfemmesab.ca\/team\/wafaa-adnane\/","name":"Wafaa Adnane - Coalition des femmes de l&#039;Alberta","isPartOf":{"@id":"https:\/\/coalitionfemmesab.ca\/#website"},"primaryImageOfPage":{"@id":"https:\/\/coalitionfemmesab.ca\/team\/wafaa-adnane\/#primaryimage"},"image":{"@id":"https:\/\/coalitionfemmesab.ca\/team\/wafaa-adnane\/#primaryimage"},"thumbnailUrl":"https:\/\/coalitionfemmesab.ca\/wp-content\/uploads\/2025\/03\/Wafa.jpg","datePublished":"2025-03-15T05:58:31+00:00","dateModified":"2026-04-24T17:53:06+00:00","description":"Wafaa Adnane, Gestionnaire de programme","breadcrumb":{"@id":"https:\/\/coalitionfemmesab.ca\/team\/wafaa-adnane\/#breadcrumb"},"inLanguage":"en-US","potentialAction":[{"@type":"ReadAction","target":["https:\/\/coalitionfemmesab.ca\/team\/wafaa-adnane\/"]}]},{"@type":"ImageObject","inLanguage":"en-US","@id":"https:\/\/coalitionfemmesab.ca\/team\/wafaa-adnane\/#primaryimage","url":"https:\/\/coalitionfemmesab.ca\/wp-content\/uploads\/2025\/03\/Wafa.jpg","contentUrl":"https:\/\/coalitionfemmesab.ca\/wp-content\/uploads\/2025\/03\/Wafa.jpg","width":300,"height":300},{"@type":"BreadcrumbList","@id":"https:\/\/coalitionfemmesab.ca\/team\/wafaa-adnane\/#breadcrumb","itemListElement":[{"@type":"ListItem","position":1,"name":"Accueil","item":"https:\/\/coalitionfemmesab.ca\/"},{"@type":"ListItem","position":2,"name":"Wafaa Adnane"}]},{"@type":"WebSite","@id":"https:\/\/coalitionfemmesab.ca\/#website","url":"https:\/\/coalitionfemmesab.ca\/","name":"Coalition des femmes de l&#039;Alberta","description":"La mission de l\u2019organisme est d\u2019appuyer et de repr\u00e9senter les femmes parlant fran\u00e7ais, de faire valoir leurs droits et leurs int\u00e9r\u00eats et de faciliter leur regroupement.","potentialAction":[{"@type":"SearchAction","target":{"@type":"EntryPoint","urlTemplate":"https:\/\/coalitionfemmesab.ca\/?s={search_term_string}"},"query-input":{"@type":"PropertyValueSpecification","valueRequired":true,"valueName":"search_term_string"}}],"inLanguage":"en-US"}]}},"_links":{"self":[{"href":"https:\/\/coalitionfemmesab.ca\/en\/wp-json\/wp\/v2\/team\/22550","targetHints":{"allow":["GET"]}}],"collection":[{"href":"https:\/\/coalitionfemmesab.ca\/en\/wp-json\/wp\/v2\/team"}],"about":[{"href":"https:\/\/coalitionfemmesab.ca\/en\/wp-json\/wp\/v2\/types\/team"}],"wp:featuredmedia":[{"embeddable":true,"href":"https:\/\/coalitionfemmesab.ca\/en\/wp-json\/wp\/v2\/media\/25869"}],"wp:attachment":[{"href":"https:\/\/coalitionfemmesab.ca\/en\/wp-json\/wp\/v2\/media?parent=22550"}],"curies":[{"name":"wp","href":"https:\/\/api.w.org\/{rel}","templated":true}]}}

<!-- This site is optimized with the Yoast SEO plugin v27.4 - https://yoast.com/product/yoast-seo-wordpress/ -->
<title>Wafaa Adnane - Coalition des femmes de l&#039;Alberta</title>
<meta name="description" content="Wafaa Adnane, Gestionnaire de programme" />
<meta name="robots" content="index, follow, max-snippet:-1, max-image-preview:large, max-video-preview:-1" />
<link rel="canonical" href="https://coalitionfemmesab.ca/en/team/wafaa-adnane/" />
<meta property="og:locale" content="en_US" />
<meta property="og:type" content="article" />
<meta property="og:title" content="Wafaa Adnane - Coalition des femmes de l&#039;Alberta" />
<meta property="og:description" content="Wafaa Adnane, Gestionnaire de programme" />
<meta property="og:url" content="https://coalitionfemmesab.ca/en/team/wafaa-adnane/" />
<meta property="og:site_name" content="Coalition des femmes de l&#039;Alberta" />
<meta property="article:modified_time" content="2026-04-24T17:53:06+00:00" />
<meta property="og:image" content="https://coalitionfemmesab.ca/wp-content/uploads/2025/03/Wafa.jpg" />
	<meta property="og:image:width" content="300" />
	<meta property="og:image:height" content="300" />
	<meta property="og:image:type" content="image/jpeg" />
<meta name="twitter:card" content="summary_large_image" />
<meta name="twitter:label1" content="Est. reading time" />
	<meta name="twitter:data1" content="1 minute" />
<script type="application/ld+json" class="yoast-schema-graph">{"@context":"https:\/\/schema.org","@graph":[{"@type":"WebPage","@id":"https:\/\/coalitionfemmesab.ca\/team\/wafaa-adnane\/","url":"https:\/\/coalitionfemmesab.ca\/team\/wafaa-adnane\/","name":"Wafaa Adnane - Coalition des femmes de l&#039;Alberta","isPartOf":{"@id":"https:\/\/coalitionfemmesab.ca\/#website"},"primaryImageOfPage":{"@id":"https:\/\/coalitionfemmesab.ca\/team\/wafaa-adnane\/#primaryimage"},"image":{"@id":"https:\/\/coalitionfemmesab.ca\/team\/wafaa-adnane\/#primaryimage"},"thumbnailUrl":"https:\/\/coalitionfemmesab.ca\/wp-content\/uploads\/2025\/03\/Wafa.jpg","datePublished":"2025-03-15T05:58:31+00:00","dateModified":"2026-04-24T17:53:06+00:00","description":"Wafaa Adnane, Gestionnaire de programme","breadcrumb":{"@id":"https:\/\/coalitionfemmesab.ca\/team\/wafaa-adnane\/#breadcrumb"},"inLanguage":"en-US","potentialAction":[{"@type":"ReadAction","target":["https:\/\/coalitionfemmesab.ca\/team\/wafaa-adnane\/"]}]},{"@type":"ImageObject","inLanguage":"en-US","@id":"https:\/\/coalitionfemmesab.ca\/team\/wafaa-adnane\/#primaryimage","url":"https:\/\/coalitionfemmesab.ca\/wp-content\/uploads\/2025\/03\/Wafa.jpg","contentUrl":"https:\/\/coalitionfemmesab.ca\/wp-content\/uploads\/2025\/03\/Wafa.jpg","width":300,"height":300},{"@type":"BreadcrumbList","@id":"https:\/\/coalitionfemmesab.ca\/team\/wafaa-adnane\/#breadcrumb","itemListElement":[{"@type":"ListItem","position":1,"name":"Accueil","item":"https:\/\/coalitionfemmesab.ca\/"},{"@type":"ListItem","position":2,"name":"Wafaa Adnane"}]},{"@type":"WebSite","@id":"https:\/\/coalitionfemmesab.ca\/#website","url":"https:\/\/coalitionfemmesab.ca\/","name":"Coalition des femmes de l&#039;Alberta","description":"La mission de l’organisme est d’appuyer et de représenter les femmes parlant français, de faire valoir leurs droits et leurs intérêts et de faciliter leur regroupement.","potentialAction":[{"@type":"SearchAction","target":{"@type":"EntryPoint","urlTemplate":"https:\/\/coalitionfemmesab.ca\/?s={search_term_string}"},"query-input":{"@type":"PropertyValueSpecification","valueRequired":true,"valueName":"search_term_string"}}],"inLanguage":"en-US"}]}</script>
<!-- / Yoast SEO plugin. -->

La mission de l’organisme est d’appuyer et de représenter les femmes parlant français, de faire valoir leurs droits et leurs intérêts et de faciliter leur regroupement.
